{"id":1350,"date":"2013-07-18T20:03:43","date_gmt":"2013-07-18T23:03:43","guid":{"rendered":"http:\/\/www.ninel.cl\/?page_id=1350"},"modified":"2013-07-18T20:05:57","modified_gmt":"2013-07-18T23:05:57","slug":"manicure","status":"publish","type":"page","link":"https:\/\/www.ninel.cl\/index.php\/manicure\/","title":{"rendered":"Manicure"},"content":{"rendered":"<h3>Galer\u00eda de Im\u00e1genes (ya habr\u00e1n m\u00e1s)<\/h3>\n<p><code>\t\t\t\t<div class=\"gallery_box_single\">\n\t\t\t\t\t\t\t\t\t\t\t<div class=\"gallery clearfix\">\n\t\t\t\t\t\t\t\t\t\t\t\t\t\t\t<div class=\"gllr_image_row\">\n\t\t\t\t\t\t\t\t\t\t\t\t\t\t\t\t\t<div class=\"gllr_image_block\">\n\t\t\t\t\t\t\t\t\t\t<p style=\"width:180px;height:140px;\">\n\t\t\t\t\t\t\t\t\t\t\t\t\t\t\t\t\t\t\t\t\t\t<a rel=\"gallery_fancybox\" href=\"https:\/\/www.ninel.cl\/wp-content\/uploads\/2013\/07\/foto-02-1024x764.jpg\" title=\"\">\n\t\t\t\t\t\t\t\t\t\t\t\t<img decoding=\"async\" style=\"width:160px;height:120px; border-width: 10px; border-color:#f1f1f1\" alt=\"\" title=\"\" src=\"https:\/\/www.ninel.cl\/wp-content\/uploads\/2013\/07\/foto-02-160x120.jpg\" rel=\"https:\/\/www.ninel.cl\/wp-content\/uploads\/2013\/07\/foto-02.JPG\" \/>\n\t\t\t\t\t\t\t\t\t\t\t<\/a>\n\t\t\t\t\t\t\t\t\t\t\t\t\t\t\t\t\t\t\t\t\t\t<\/p>\n\t\t\t\t\t\t\t\t\t\t<div style=\"width:180px; \" class=\"gllr_single_image_text\">&nbsp;<\/div>\n\t\t\t\t\t\t\t\t\t<\/div>\n\t\t\t\t\t\t\t\t\t\t\t\t\t\t\t\t\t<div class=\"gllr_image_block\">\n\t\t\t\t\t\t\t\t\t\t<p style=\"width:180px;height:140px;\">\n\t\t\t\t\t\t\t\t\t\t\t\t\t\t\t\t\t\t\t\t\t\t<a rel=\"gallery_fancybox\" href=\"https:\/\/www.ninel.cl\/wp-content\/uploads\/2013\/07\/foto-04.JPG\" title=\"\">\n\t\t\t\t\t\t\t\t\t\t\t\t<img decoding=\"async\" style=\"width:160px;height:120px; border-width: 10px; border-color:#f1f1f1\" alt=\"\" title=\"\" src=\"https:\/\/www.ninel.cl\/wp-content\/uploads\/2013\/07\/foto-04-160x120.jpg\" rel=\"https:\/\/www.ninel.cl\/wp-content\/uploads\/2013\/07\/foto-04.JPG\" \/>\n\t\t\t\t\t\t\t\t\t\t\t<\/a>\n\t\t\t\t\t\t\t\t\t\t\t\t\t\t\t\t\t\t\t\t\t\t<\/p>\n\t\t\t\t\t\t\t\t\t\t<div style=\"width:180px; \" class=\"gllr_single_image_text\">&nbsp;<\/div>\n\t\t\t\t\t\t\t\t\t<\/div>\n\t\t\t\t\t\t\t\t\t\t\t\t\t\t\t\t\t<div class=\"gllr_image_block\">\n\t\t\t\t\t\t\t\t\t\t<p style=\"width:180px;height:140px;\">\n\t\t\t\t\t\t\t\t\t\t\t\t\t\t\t\t\t\t\t\t\t\t<a rel=\"gallery_fancybox\" href=\"https:\/\/www.ninel.cl\/wp-content\/uploads\/2013\/07\/foto-06.JPG\" title=\"\">\n\t\t\t\t\t\t\t\t\t\t\t\t<img decoding=\"async\" style=\"width:160px;height:120px; border-width: 10px; border-color:#f1f1f1\" alt=\"\" title=\"\" src=\"https:\/\/www.ninel.cl\/wp-content\/uploads\/2013\/07\/foto-06-160x120.jpg\" rel=\"https:\/\/www.ninel.cl\/wp-content\/uploads\/2013\/07\/foto-06.JPG\" \/>\n\t\t\t\t\t\t\t\t\t\t\t<\/a>\n\t\t\t\t\t\t\t\t\t\t\t\t\t\t\t\t\t\t\t\t\t\t<\/p>\n\t\t\t\t\t\t\t\t\t\t<div style=\"width:180px; \" class=\"gllr_single_image_text\">&nbsp;<\/div>\n\t\t\t\t\t\t\t\t\t<\/div>\n\t\t\t\t\t\t\t\t\t\t\t\t\t\t\t\t\t<div class=\"gllr_image_block\">\n\t\t\t\t\t\t\t\t\t\t<p style=\"width:180px;height:140px;\">\n\t\t\t\t\t\t\t\t\t\t\t\t\t\t\t\t\t\t\t\t\t\t<a rel=\"gallery_fancybox\" href=\"https:\/\/www.ninel.cl\/wp-content\/uploads\/2013\/07\/foto-05.JPG\" title=\"\">\n\t\t\t\t\t\t\t\t\t\t\t\t<img decoding=\"async\" style=\"width:160px;height:120px; border-width: 10px; border-color:#f1f1f1\" alt=\"\" title=\"\" src=\"https:\/\/www.ninel.cl\/wp-content\/uploads\/2013\/07\/foto-05-160x120.jpg\" rel=\"https:\/\/www.ninel.cl\/wp-content\/uploads\/2013\/07\/foto-05.JPG\" \/>\n\t\t\t\t\t\t\t\t\t\t\t<\/a>\n\t\t\t\t\t\t\t\t\t\t\t\t\t\t\t\t\t\t\t\t\t\t<\/p>\n\t\t\t\t\t\t\t\t\t\t<div style=\"width:180px; \" class=\"gllr_single_image_text\">&nbsp;<\/div>\n\t\t\t\t\t\t\t\t\t<\/div>\n\t\t\t\t\t\t\t\t\t\t\t\t\t\t\t\t<\/div>\n\t\t\t\t\t\t\t\t\t\t\t\t\t\t\t\t<div class=\"gllr_image_row\">\n\t\t\t\t\t\t\t\t\t\t\t\t\t\t\t\t\t<div class=\"gllr_image_block\">\n\t\t\t\t\t\t\t\t\t\t<p style=\"width:180px;height:140px;\">\n\t\t\t\t\t\t\t\t\t\t\t\t\t\t\t\t\t\t\t\t\t\t<a rel=\"gallery_fancybox\" href=\"https:\/\/www.ninel.cl\/wp-content\/uploads\/2013\/07\/foto-07.JPG\" title=\"\">\n\t\t\t\t\t\t\t\t\t\t\t\t<img decoding=\"async\" style=\"width:160px;height:120px; border-width: 10px; border-color:#f1f1f1\" alt=\"\" title=\"\" src=\"https:\/\/www.ninel.cl\/wp-content\/uploads\/2013\/07\/foto-07-160x120.jpg\" rel=\"https:\/\/www.ninel.cl\/wp-content\/uploads\/2013\/07\/foto-07.JPG\" \/>\n\t\t\t\t\t\t\t\t\t\t\t<\/a>\n\t\t\t\t\t\t\t\t\t\t\t\t\t\t\t\t\t\t\t\t\t\t<\/p>\n\t\t\t\t\t\t\t\t\t\t<div style=\"width:180px; \" class=\"gllr_single_image_text\">&nbsp;<\/div>\n\t\t\t\t\t\t\t\t\t<\/div>\n\t\t\t\t\t\t\t\t\t\t\t\t\t\t\t\t\t<div class=\"gllr_image_block\">\n\t\t\t\t\t\t\t\t\t\t<p style=\"width:180px;height:140px;\">\n\t\t\t\t\t\t\t\t\t\t\t\t\t\t\t\t\t\t\t\t\t\t<a rel=\"gallery_fancybox\" href=\"https:\/\/www.ninel.cl\/wp-content\/uploads\/2013\/07\/foto-01-1024x764.jpeg\" title=\"\">\n\t\t\t\t\t\t\t\t\t\t\t\t<img decoding=\"async\" style=\"width:160px;height:120px; border-width: 10px; border-color:#f1f1f1\" alt=\"\" title=\"\" src=\"https:\/\/www.ninel.cl\/wp-content\/uploads\/2013\/07\/foto-01-160x120.jpeg\" rel=\"https:\/\/www.ninel.cl\/wp-content\/uploads\/2013\/07\/foto-01.jpeg\" \/>\n\t\t\t\t\t\t\t\t\t\t\t<\/a>\n\t\t\t\t\t\t\t\t\t\t\t\t\t\t\t\t\t\t\t\t\t\t<\/p>\n\t\t\t\t\t\t\t\t\t\t<div style=\"width:180px; \" class=\"gllr_single_image_text\">&nbsp;<\/div>\n\t\t\t\t\t\t\t\t\t<\/div>\n\t\t\t\t\t\t\t\t\t\t\t\t\t\t\t\t\t<div class=\"gllr_image_block\">\n\t\t\t\t\t\t\t\t\t\t<p style=\"width:180px;height:140px;\">\n\t\t\t\t\t\t\t\t\t\t\t\t\t\t\t\t\t\t\t\t\t\t<a rel=\"gallery_fancybox\" href=\"https:\/\/www.ninel.cl\/wp-content\/uploads\/2013\/07\/foto-03.jpg\" title=\"\">\n\t\t\t\t\t\t\t\t\t\t\t\t<img decoding=\"async\" style=\"width:160px;height:120px; border-width: 10px; border-color:#f1f1f1\" alt=\"\" title=\"\" src=\"https:\/\/www.ninel.cl\/wp-content\/uploads\/2013\/07\/foto-03-160x120.jpg\" rel=\"https:\/\/www.ninel.cl\/wp-content\/uploads\/2013\/07\/foto-03.jpg\" \/>\n\t\t\t\t\t\t\t\t\t\t\t<\/a>\n\t\t\t\t\t\t\t\t\t\t\t\t\t\t\t\t\t\t\t\t\t\t<\/p>\n\t\t\t\t\t\t\t\t\t\t<div style=\"width:180px; \" class=\"gllr_single_image_text\">&nbsp;<\/div>\n\t\t\t\t\t\t\t\t\t<\/div>\n\t\t\t\t\t\t\t\t\t\t\t\t\t\t\t\t<\/div>\n\t\t\t\t\t\t\t\t\t\t\t\t\t\t<\/div>\n\t\t\t\t\t\t\t\t\t\t\t<\/div>\n\t\t\t\t\t<div class=\"clear\"><\/div>\n\t\t\t\t\t\t\t<script type=\"text\/javascript\">\n\t\t(function($){\n\t\t\t$(document).ready(function(){\n\t\t\t\t$(\"a[rel=gallery_fancybox]\").fancybox({\n\t\t\t\t\t'transitionIn'\t\t: 'elastic',\n\t\t\t\t\t'transitionOut'\t\t: 'elastic',\n\t\t\t\t\t'titlePosition' \t: 'inside',\n\t\t\t\t\t'speedIn'\t\t\t\t\t:\t500, \n\t\t\t\t\t'speedOut'\t\t\t\t:\t300,\n\t\t\t\t\t'titleFormat'\t\t\t: function(title, currentArray, currentIndex, currentOpts) {\n\t\t\t\t\t\treturn '<span id=\"fancybox-title-inside\">' + (title.length ? title + '<br \/>' : '') + 'Image ' + (currentIndex + 1) + ' \/ ' + currentArray.length + '<\/span>';\n\t\t\t\t\t},\n\t\t\t\t\t'onComplete':\tfunction() {\n\t\t\t\t\t\tclearTimeout(jQuery.fancybox.slider);\n\t\t\t\t\t\tjQuery.fancybox.slider=setTimeout(\"jQuery.fancybox.next()\",4500);\n\t\t\t\t\t}\t\t\t\t});\n\t\t\t});\n\t\t})(jQuery);\n\t\t<\/script>\n\t<\/code><\/p>\n","protected":false},"excerpt":{"rendered":"<p>Galer\u00eda de Im\u00e1genes (ya habr\u00e1n m\u00e1s)<\/p>\n","protected":false},"author":1,"featured_media":0,"parent":0,"menu_order":0,"comment_status":"open","ping_status":"open","template":"page-full-width.php","meta":{"footnotes":""},"class_list":["post-1350","page","type-page","status-publish","hentry"],"_links":{"self":[{"href":"https:\/\/www.ninel.cl\/index.php\/wp-json\/wp\/v2\/pages\/1350","targetHints":{"allow":["GET"]}}],"collection":[{"href":"https:\/\/www.ninel.cl\/index.php\/wp-json\/wp\/v2\/pages"}],"about":[{"href":"https:\/\/www.ninel.cl\/index.php\/wp-json\/wp\/v2\/types\/page"}],"author":[{"embeddable":true,"href":"https:\/\/www.ninel.cl\/index.php\/wp-json\/wp\/v2\/users\/1"}],"replies":[{"embeddable":true,"href":"https:\/\/www.ninel.cl\/index.php\/wp-json\/wp\/v2\/comments?post=1350"}],"version-history":[{"count":5,"href":"https:\/\/www.ninel.cl\/index.php\/wp-json\/wp\/v2\/pages\/1350\/revisions"}],"predecessor-version":[{"id":1355,"href":"https:\/\/www.ninel.cl\/index.php\/wp-json\/wp\/v2\/pages\/1350\/revisions\/1355"}],"wp:attachment":[{"href":"https:\/\/www.ninel.cl\/index.php\/wp-json\/wp\/v2\/media?parent=1350"}],"curies":[{"name":"wp","href":"https:\/\/api.w.org\/{rel}","templated":true}]}}