{"id":65,"date":"2013-01-20T13:51:21","date_gmt":"2013-01-20T16:51:21","guid":{"rendered":"http:\/\/www.ninel.cl\/blog\/?page_id=65"},"modified":"2013-03-04T18:37:34","modified_gmt":"2013-03-04T21:37:34","slug":"tinturas","status":"publish","type":"page","link":"https:\/\/www.ninel.cl\/index.php\/tinturas\/","title":{"rendered":"Tinturas"},"content":{"rendered":"<p><img loading=\"lazy\" decoding=\"async\" class=\"alignnone size-full wp-image-1284\" alt=\"Tinturas_1\" src=\"http:\/\/www.ninel.cl\/wp-content\/uploads\/2013\/03\/Tinturas_1.jpg\" width=\"244\" height=\"283\" \/>Para nuestras aplicaciones de color utilizamos <strong>tinturas<\/strong> de la m\u00e1s alta calidad disponibles en el mercado.<\/p>\n<h3>Galer\u00eda de Im\u00e1genes<\/h3>\n<p><code>\t\t\t\t<div class=\"gallery_box_single\">\n\t\t\t\t\t\t\t\t\t\t\t<div class=\"gallery clearfix\">\n\t\t\t\t\t\t\t\t\t\t\t\t\t\t\t<div class=\"gllr_image_row\">\n\t\t\t\t\t\t\t\t\t\t\t\t\t\t\t\t\t<div class=\"gllr_image_block\">\n\t\t\t\t\t\t\t\t\t\t<p style=\"width:180px;height:140px;\">\n\t\t\t\t\t\t\t\t\t\t\t\t\t\t\t\t\t\t\t\t\t\t<a rel=\"gallery_fancybox\" href=\"https:\/\/www.ninel.cl\/wp-content\/uploads\/2013\/02\/DSC045155125364ca2d7c-1024x768.jpg\" title=\"\">\n\t\t\t\t\t\t\t\t\t\t\t\t<img decoding=\"async\" style=\"width:160px;height:120px; border-width: 10px; border-color:#f1f1f1\" alt=\"\" title=\"\" src=\"https:\/\/www.ninel.cl\/wp-content\/uploads\/2013\/02\/DSC045155125364ca2d7c-160x120.jpg\" rel=\"https:\/\/www.ninel.cl\/wp-content\/uploads\/2013\/02\/DSC045155125364ca2d7c.JPG\" \/>\n\t\t\t\t\t\t\t\t\t\t\t<\/a>\n\t\t\t\t\t\t\t\t\t\t\t\t\t\t\t\t\t\t\t\t\t\t<\/p>\n\t\t\t\t\t\t\t\t\t\t<div style=\"width:180px; \" class=\"gllr_single_image_text\">&nbsp;<\/div>\n\t\t\t\t\t\t\t\t\t<\/div>\n\t\t\t\t\t\t\t\t\t\t\t\t\t\t\t\t\t<div class=\"gllr_image_block\">\n\t\t\t\t\t\t\t\t\t\t<p style=\"width:180px;height:140px;\">\n\t\t\t\t\t\t\t\t\t\t\t\t\t\t\t\t\t\t\t\t\t\t<a rel=\"gallery_fancybox\" href=\"https:\/\/www.ninel.cl\/wp-content\/uploads\/2013\/02\/DSC046115125364fbb234-1024x768.jpg\" title=\"\">\n\t\t\t\t\t\t\t\t\t\t\t\t<img decoding=\"async\" style=\"width:160px;height:120px; border-width: 10px; border-color:#f1f1f1\" alt=\"\" title=\"\" src=\"https:\/\/www.ninel.cl\/wp-content\/uploads\/2013\/02\/DSC046115125364fbb234-160x120.jpg\" rel=\"https:\/\/www.ninel.cl\/wp-content\/uploads\/2013\/02\/DSC046115125364fbb234.JPG\" \/>\n\t\t\t\t\t\t\t\t\t\t\t<\/a>\n\t\t\t\t\t\t\t\t\t\t\t\t\t\t\t\t\t\t\t\t\t\t<\/p>\n\t\t\t\t\t\t\t\t\t\t<div style=\"width:180px; \" class=\"gllr_single_image_text\">&nbsp;<\/div>\n\t\t\t\t\t\t\t\t\t<\/div>\n\t\t\t\t\t\t\t\t\t\t\t\t\t\t\t\t\t<div class=\"gllr_image_block\">\n\t\t\t\t\t\t\t\t\t\t<p style=\"width:180px;height:140px;\">\n\t\t\t\t\t\t\t\t\t\t\t\t\t\t\t\t\t\t\t\t\t\t<a rel=\"gallery_fancybox\" href=\"https:\/\/www.ninel.cl\/wp-content\/uploads\/2013\/02\/DSC0461351253652e5b15-1024x768.jpg\" title=\"\">\n\t\t\t\t\t\t\t\t\t\t\t\t<img decoding=\"async\" style=\"width:160px;height:120px; border-width: 10px; border-color:#f1f1f1\" alt=\"\" title=\"\" src=\"https:\/\/www.ninel.cl\/wp-content\/uploads\/2013\/02\/DSC0461351253652e5b15-160x120.jpg\" rel=\"https:\/\/www.ninel.cl\/wp-content\/uploads\/2013\/02\/DSC0461351253652e5b15.JPG\" \/>\n\t\t\t\t\t\t\t\t\t\t\t<\/a>\n\t\t\t\t\t\t\t\t\t\t\t\t\t\t\t\t\t\t\t\t\t\t<\/p>\n\t\t\t\t\t\t\t\t\t\t<div style=\"width:180px; \" class=\"gllr_single_image_text\">&nbsp;<\/div>\n\t\t\t\t\t\t\t\t\t<\/div>\n\t\t\t\t\t\t\t\t\t\t\t\t\t\t\t\t\t<div class=\"gllr_image_block\">\n\t\t\t\t\t\t\t\t\t\t<p style=\"width:180px;height:140px;\">\n\t\t\t\t\t\t\t\t\t\t\t\t\t\t\t\t\t\t\t\t\t\t<a rel=\"gallery_fancybox\" href=\"https:\/\/www.ninel.cl\/wp-content\/uploads\/2013\/02\/DSC0474451253655f3e56-1024x768.jpg\" title=\"\">\n\t\t\t\t\t\t\t\t\t\t\t\t<img decoding=\"async\" style=\"width:160px;height:120px; border-width: 10px; border-color:#f1f1f1\" alt=\"\" title=\"\" src=\"https:\/\/www.ninel.cl\/wp-content\/uploads\/2013\/02\/DSC0474451253655f3e56-160x120.jpg\" rel=\"https:\/\/www.ninel.cl\/wp-content\/uploads\/2013\/02\/DSC0474451253655f3e56.JPG\" \/>\n\t\t\t\t\t\t\t\t\t\t\t<\/a>\n\t\t\t\t\t\t\t\t\t\t\t\t\t\t\t\t\t\t\t\t\t\t<\/p>\n\t\t\t\t\t\t\t\t\t\t<div style=\"width:180px; \" class=\"gllr_single_image_text\">&nbsp;<\/div>\n\t\t\t\t\t\t\t\t\t<\/div>\n\t\t\t\t\t\t\t\t\t\t\t\t\t\t\t\t<\/div>\n\t\t\t\t\t\t\t\t\t\t\t\t\t\t\t<\/div>\n\t\t\t\t\t\t\t\t\t\t\t<\/div>\n\t\t\t\t\t<div class=\"clear\"><\/div>\n\t\t\t\t\t\t\t<script type=\"text\/javascript\">\n\t\t(function($){\n\t\t\t$(document).ready(function(){\n\t\t\t\t$(\"a[rel=gallery_fancybox]\").fancybox({\n\t\t\t\t\t'transitionIn'\t\t: 'elastic',\n\t\t\t\t\t'transitionOut'\t\t: 'elastic',\n\t\t\t\t\t'titlePosition' \t: 'inside',\n\t\t\t\t\t'speedIn'\t\t\t\t\t:\t500, \n\t\t\t\t\t'speedOut'\t\t\t\t:\t300,\n\t\t\t\t\t'titleFormat'\t\t\t: function(title, currentArray, currentIndex, currentOpts) {\n\t\t\t\t\t\treturn '<span id=\"fancybox-title-inside\">' + (title.length ? title + '<br \/>' : '') + 'Image ' + (currentIndex + 1) + ' \/ ' + currentArray.length + '<\/span>';\n\t\t\t\t\t},\n\t\t\t\t\t'onComplete':\tfunction() {\n\t\t\t\t\t\tclearTimeout(jQuery.fancybox.slider);\n\t\t\t\t\t\tjQuery.fancybox.slider=setTimeout(\"jQuery.fancybox.next()\",4500);\n\t\t\t\t\t}\t\t\t\t});\n\t\t\t});\n\t\t})(jQuery);\n\t\t<\/script>\n\t<\/code><\/p>\n","protected":false},"excerpt":{"rendered":"<p>Para nuestras aplicaciones de color utilizamos tinturas de la m\u00e1s alta calidad disponibles en el mercado. Galer\u00eda de Im\u00e1genes<\/p>\n","protected":false},"author":1,"featured_media":0,"parent":0,"menu_order":0,"comment_status":"open","ping_status":"open","template":"page-full-width.php","meta":{"footnotes":""},"class_list":["post-65","page","type-page","status-publish","hentry"],"_links":{"self":[{"href":"https:\/\/www.ninel.cl\/index.php\/wp-json\/wp\/v2\/pages\/65","targetHints":{"allow":["GET"]}}],"collection":[{"href":"https:\/\/www.ninel.cl\/index.php\/wp-json\/wp\/v2\/pages"}],"about":[{"href":"https:\/\/www.ninel.cl\/index.php\/wp-json\/wp\/v2\/types\/page"}],"author":[{"embeddable":true,"href":"https:\/\/www.ninel.cl\/index.php\/wp-json\/wp\/v2\/users\/1"}],"replies":[{"embeddable":true,"href":"https:\/\/www.ninel.cl\/index.php\/wp-json\/wp\/v2\/comments?post=65"}],"version-history":[{"count":8,"href":"https:\/\/www.ninel.cl\/index.php\/wp-json\/wp\/v2\/pages\/65\/revisions"}],"predecessor-version":[{"id":1280,"href":"https:\/\/www.ninel.cl\/index.php\/wp-json\/wp\/v2\/pages\/65\/revisions\/1280"}],"wp:attachment":[{"href":"https:\/\/www.ninel.cl\/index.php\/wp-json\/wp\/v2\/media?parent=65"}],"curies":[{"name":"wp","href":"https:\/\/api.w.org\/{rel}","templated":true}]}}